{"id":36,"date":"2017-04-08T15:20:07","date_gmt":"2017-04-08T13:20:07","guid":{"rendered":"https:\/\/claudia-cornelie-cebulla.de\/?page_id=36"},"modified":"2021-12-20T14:03:20","modified_gmt":"2021-12-20T13:03:20","slug":"hinter-dem-gesicht","status":"publish","type":"page","link":"https:\/\/claudia-cornelie-cebulla.de\/?page_id=36","title":{"rendered":"Hinter dem Gesicht"},"content":{"rendered":"<p>Die Werke vieler K\u00fcnstler sind hinreichend bekannt.<br \/>\nAber wie sah der K\u00fcnstler aus? Sein Gesicht habe ich nun in den Vordergrund ger\u00fcckt. Eines seiner Werke steht &#8220;dahinter&#8221;.<\/p>\n<p>Hier habe ich versucht in einer Hommage an die K\u00fcnstler ein Werk und das Gesicht auf einem Bild zu vereinen.<\/p>\n<p><a href=\"https:\/\/claudia-cornelie-cebulla.de\/wp-content\/uploads\/2017\/04\/M\u00fcnter-Wasser.jpg\"><img loading=\"lazy\" class=\"alignnone size-full wp-image-382\" src=\"https:\/\/claudia-cornelie-cebulla.de\/wp-content\/uploads\/2017\/04\/M\u00fcnter-Wasser.jpg\" alt=\"\" width=\"900\" height=\"900\" srcset=\"https:\/\/claudia-cornelie-cebulla.de\/wp-content\/uploads\/2017\/04\/M\u00fcnter-Wasser.jpg 900w, https:\/\/claudia-cornelie-cebulla.de\/wp-content\/uploads\/2017\/04\/M\u00fcnter-Wasser-150x150.jpg 150w, https:\/\/claudia-cornelie-cebulla.de\/wp-content\/uploads\/2017\/04\/M\u00fcnter-Wasser-300x300.jpg 300w, https:\/\/claudia-cornelie-cebulla.de\/wp-content\/uploads\/2017\/04\/M\u00fcnter-Wasser-768x768.jpg 768w\" sizes=\"(max-width: 900px) 100vw, 900px\" \/><\/a> Hommage an Gabriele M\u00fcnter<\/p>\n<p>&nbsp;<\/p>\n<p><a href=\"https:\/\/claudia-cornelie-cebulla.de\/wp-content\/uploads\/2017\/04\/Munch-Wasser.jpg\"><img loading=\"lazy\" class=\"alignnone size-full wp-image-381\" src=\"https:\/\/claudia-cornelie-cebulla.de\/wp-content\/uploads\/2017\/04\/Munch-Wasser.jpg\" alt=\"\" width=\"900\" height=\"900\" srcset=\"https:\/\/claudia-cornelie-cebulla.de\/wp-content\/uploads\/2017\/04\/Munch-Wasser.jpg 900w, https:\/\/claudia-cornelie-cebulla.de\/wp-content\/uploads\/2017\/04\/Munch-Wasser-150x150.jpg 150w, https:\/\/claudia-cornelie-cebulla.de\/wp-content\/uploads\/2017\/04\/Munch-Wasser-300x300.jpg 300w, https:\/\/claudia-cornelie-cebulla.de\/wp-content\/uploads\/2017\/04\/Munch-Wasser-768x768.jpg 768w\" sizes=\"(max-width: 900px) 100vw, 900px\" \/><\/a> Hommage an Edvard Munch<\/p>\n<p>&nbsp;<\/p>\n<p><a href=\"https:\/\/claudia-cornelie-cebulla.de\/wp-content\/uploads\/2017\/04\/Michelangelo-Wasser.jpg\"><img loading=\"lazy\" class=\"alignnone size-full wp-image-379\" src=\"https:\/\/claudia-cornelie-cebulla.de\/wp-content\/uploads\/2017\/04\/Michelangelo-Wasser.jpg\" alt=\"\" width=\"900\" height=\"900\" srcset=\"https:\/\/claudia-cornelie-cebulla.de\/wp-content\/uploads\/2017\/04\/Michelangelo-Wasser.jpg 900w, https:\/\/claudia-cornelie-cebulla.de\/wp-content\/uploads\/2017\/04\/Michelangelo-Wasser-150x150.jpg 150w, https:\/\/claudia-cornelie-cebulla.de\/wp-content\/uploads\/2017\/04\/Michelangelo-Wasser-300x300.jpg 300w, https:\/\/claudia-cornelie-cebulla.de\/wp-content\/uploads\/2017\/04\/Michelangelo-Wasser-768x768.jpg 768w\" sizes=\"(max-width: 900px) 100vw, 900px\" \/><\/a> Hommage an Michelangelo<\/p>\n<p>&nbsp;<\/p>\n<p><a href=\"https:\/\/claudia-cornelie-cebulla.de\/wp-content\/uploads\/2017\/04\/Merian-Wasser.jpg\"><img loading=\"lazy\" class=\"alignnone size-full wp-image-378\" src=\"https:\/\/claudia-cornelie-cebulla.de\/wp-content\/uploads\/2017\/04\/Merian-Wasser.jpg\" alt=\"\" width=\"900\" height=\"900\" srcset=\"https:\/\/claudia-cornelie-cebulla.de\/wp-content\/uploads\/2017\/04\/Merian-Wasser.jpg 900w, https:\/\/claudia-cornelie-cebulla.de\/wp-content\/uploads\/2017\/04\/Merian-Wasser-150x150.jpg 150w, https:\/\/claudia-cornelie-cebulla.de\/wp-content\/uploads\/2017\/04\/Merian-Wasser-300x300.jpg 300w, https:\/\/claudia-cornelie-cebulla.de\/wp-content\/uploads\/2017\/04\/Merian-Wasser-768x768.jpg 768w\" sizes=\"(max-width: 900px) 100vw, 900px\" \/><\/a> Hommage an Maria Sibylla Merian<\/p>\n<p>&nbsp;<\/p>\n<p><a href=\"https:\/\/claudia-cornelie-cebulla.de\/wp-content\/uploads\/2017\/04\/Macke-Wasser.jpg\"><img loading=\"lazy\" class=\"alignnone size-full wp-image-377\" src=\"https:\/\/claudia-cornelie-cebulla.de\/wp-content\/uploads\/2017\/04\/Macke-Wasser.jpg\" alt=\"\" width=\"900\" height=\"900\" srcset=\"https:\/\/claudia-cornelie-cebulla.de\/wp-content\/uploads\/2017\/04\/Macke-Wasser.jpg 900w, https:\/\/claudia-cornelie-cebulla.de\/wp-content\/uploads\/2017\/04\/Macke-Wasser-150x150.jpg 150w, https:\/\/claudia-cornelie-cebulla.de\/wp-content\/uploads\/2017\/04\/Macke-Wasser-300x300.jpg 300w, https:\/\/claudia-cornelie-cebulla.de\/wp-content\/uploads\/2017\/04\/Macke-Wasser-768x768.jpg 768w\" sizes=\"(max-width: 900px) 100vw, 900px\" \/><\/a> Hommage an August Macke<\/p>\n<p>&nbsp;<\/p>\n<p><a href=\"https:\/\/claudia-cornelie-cebulla.de\/wp-content\/uploads\/2017\/04\/Lempicka-Wasser.jpg\"><img loading=\"lazy\" class=\"alignnone size-full wp-image-376\" src=\"https:\/\/claudia-cornelie-cebulla.de\/wp-content\/uploads\/2017\/04\/Lempicka-Wasser.jpg\" alt=\"\" width=\"900\" height=\"900\" srcset=\"https:\/\/claudia-cornelie-cebulla.de\/wp-content\/uploads\/2017\/04\/Lempicka-Wasser.jpg 900w, https:\/\/claudia-cornelie-cebulla.de\/wp-content\/uploads\/2017\/04\/Lempicka-Wasser-150x150.jpg 150w, https:\/\/claudia-cornelie-cebulla.de\/wp-content\/uploads\/2017\/04\/Lempicka-Wasser-300x300.jpg 300w, https:\/\/claudia-cornelie-cebulla.de\/wp-content\/uploads\/2017\/04\/Lempicka-Wasser-768x768.jpg 768w\" sizes=\"(max-width: 900px) 100vw, 900px\" \/><\/a> Hommage an Tamara de Lempicka<\/p>\n<p>&nbsp;<\/p>\n<p><a href=\"https:\/\/claudia-cornelie-cebulla.de\/wp-content\/uploads\/2017\/04\/Klee-Wasser.jpg\"><img loading=\"lazy\" class=\"alignnone size-full wp-image-375\" src=\"https:\/\/claudia-cornelie-cebulla.de\/wp-content\/uploads\/2017\/04\/Klee-Wasser.jpg\" alt=\"\" width=\"900\" height=\"900\" srcset=\"https:\/\/claudia-cornelie-cebulla.de\/wp-content\/uploads\/2017\/04\/Klee-Wasser.jpg 900w, https:\/\/claudia-cornelie-cebulla.de\/wp-content\/uploads\/2017\/04\/Klee-Wasser-150x150.jpg 150w, https:\/\/claudia-cornelie-cebulla.de\/wp-content\/uploads\/2017\/04\/Klee-Wasser-300x300.jpg 300w, https:\/\/claudia-cornelie-cebulla.de\/wp-content\/uploads\/2017\/04\/Klee-Wasser-768x768.jpg 768w\" sizes=\"(max-width: 900px) 100vw, 900px\" \/><\/a> Hommage an Paul Klee<\/p>\n<p>&nbsp;<\/p>\n<p><a href=\"https:\/\/claudia-cornelie-cebulla.de\/wp-content\/uploads\/2017\/04\/Keefe-Wasser.jpg\"><img loading=\"lazy\" class=\"alignnone size-full wp-image-374\" src=\"https:\/\/claudia-cornelie-cebulla.de\/wp-content\/uploads\/2017\/04\/Keefe-Wasser.jpg\" alt=\"\" width=\"900\" height=\"900\" srcset=\"https:\/\/claudia-cornelie-cebulla.de\/wp-content\/uploads\/2017\/04\/Keefe-Wasser.jpg 900w, https:\/\/claudia-cornelie-cebulla.de\/wp-content\/uploads\/2017\/04\/Keefe-Wasser-150x150.jpg 150w, https:\/\/claudia-cornelie-cebulla.de\/wp-content\/uploads\/2017\/04\/Keefe-Wasser-300x300.jpg 300w, https:\/\/claudia-cornelie-cebulla.de\/wp-content\/uploads\/2017\/04\/Keefe-Wasser-768x768.jpg 768w\" sizes=\"(max-width: 900px) 100vw, 900px\" \/><\/a> Hommage an Georgia o&#8217;Keefe<\/p>\n<p>&nbsp;<\/p>\n<p><a href=\"https:\/\/claudia-cornelie-cebulla.de\/wp-content\/uploads\/2017\/04\/Kahlo-Wasser.jpg\"><img loading=\"lazy\" class=\"alignnone size-full wp-image-373\" src=\"https:\/\/claudia-cornelie-cebulla.de\/wp-content\/uploads\/2017\/04\/Kahlo-Wasser.jpg\" alt=\"\" width=\"900\" height=\"900\" srcset=\"https:\/\/claudia-cornelie-cebulla.de\/wp-content\/uploads\/2017\/04\/Kahlo-Wasser.jpg 900w, https:\/\/claudia-cornelie-cebulla.de\/wp-content\/uploads\/2017\/04\/Kahlo-Wasser-150x150.jpg 150w, https:\/\/claudia-cornelie-cebulla.de\/wp-content\/uploads\/2017\/04\/Kahlo-Wasser-300x300.jpg 300w, https:\/\/claudia-cornelie-cebulla.de\/wp-content\/uploads\/2017\/04\/Kahlo-Wasser-768x768.jpg 768w\" sizes=\"(max-width: 900px) 100vw, 900px\" \/><\/a> Hommage an Frida Kahlo<\/p>\n<p>&nbsp;<\/p>\n<p><a href=\"https:\/\/claudia-cornelie-cebulla.de\/wp-content\/uploads\/2017\/04\/Friedrich-Wasser.jpg\"><img loading=\"lazy\" class=\"alignnone size-full wp-image-372\" src=\"https:\/\/claudia-cornelie-cebulla.de\/wp-content\/uploads\/2017\/04\/Friedrich-Wasser.jpg\" alt=\"\" width=\"900\" height=\"900\" srcset=\"https:\/\/claudia-cornelie-cebulla.de\/wp-content\/uploads\/2017\/04\/Friedrich-Wasser.jpg 900w, https:\/\/claudia-cornelie-cebulla.de\/wp-content\/uploads\/2017\/04\/Friedrich-Wasser-150x150.jpg 150w, https:\/\/claudia-cornelie-cebulla.de\/wp-content\/uploads\/2017\/04\/Friedrich-Wasser-300x300.jpg 300w, https:\/\/claudia-cornelie-cebulla.de\/wp-content\/uploads\/2017\/04\/Friedrich-Wasser-768x768.jpg 768w\" sizes=\"(max-width: 900px) 100vw, 900px\" \/><\/a>Hommage an C. D. Friedrich<\/p>\n<p>&nbsp;<\/p>\n<p><a href=\"https:\/\/claudia-cornelie-cebulla.de\/wp-content\/uploads\/2017\/04\/Van_Gogh-Wasser.jpg\"><img loading=\"lazy\" class=\"alignnone size-full wp-image-371\" src=\"https:\/\/claudia-cornelie-cebulla.de\/wp-content\/uploads\/2017\/04\/Van_Gogh-Wasser.jpg\" alt=\"\" width=\"900\" height=\"900\" srcset=\"https:\/\/claudia-cornelie-cebulla.de\/wp-content\/uploads\/2017\/04\/Van_Gogh-Wasser.jpg 900w, https:\/\/claudia-cornelie-cebulla.de\/wp-content\/uploads\/2017\/04\/Van_Gogh-Wasser-150x150.jpg 150w, https:\/\/claudia-cornelie-cebulla.de\/wp-content\/uploads\/2017\/04\/Van_Gogh-Wasser-300x300.jpg 300w, https:\/\/claudia-cornelie-cebulla.de\/wp-content\/uploads\/2017\/04\/Van_Gogh-Wasser-768x768.jpg 768w\" sizes=\"(max-width: 900px) 100vw, 900px\" \/><\/a>Hommage an Vincent van Gogh<\/p>\n<p>&nbsp;<\/p>\n<p><a href=\"https:\/\/claudia-cornelie-cebulla.de\/wp-content\/uploads\/2017\/04\/Niki-Wasser.jpg\"><img loading=\"lazy\" class=\"alignnone size-full wp-image-383\" src=\"https:\/\/claudia-cornelie-cebulla.de\/wp-content\/uploads\/2017\/04\/Niki-Wasser.jpg\" alt=\"\" width=\"1031\" height=\"900\" srcset=\"https:\/\/claudia-cornelie-cebulla.de\/wp-content\/uploads\/2017\/04\/Niki-Wasser.jpg 1031w, https:\/\/claudia-cornelie-cebulla.de\/wp-content\/uploads\/2017\/04\/Niki-Wasser-300x262.jpg 300w, https:\/\/claudia-cornelie-cebulla.de\/wp-content\/uploads\/2017\/04\/Niki-Wasser-768x670.jpg 768w, https:\/\/claudia-cornelie-cebulla.de\/wp-content\/uploads\/2017\/04\/Niki-Wasser-1024x894.jpg 1024w\" sizes=\"(max-width: 1031px) 100vw, 1031px\" \/><\/a>Hommage an Niki de Saint Phalle<\/p>\n<p>&nbsp;<\/p>\n<p><a href=\"https:\/\/claudia-cornelie-cebulla.de\/wp-content\/uploads\/2017\/04\/Miro-Wasser.jpg\"><img loading=\"lazy\" class=\"alignnone size-full wp-image-380\" src=\"https:\/\/claudia-cornelie-cebulla.de\/wp-content\/uploads\/2017\/04\/Miro-Wasser.jpg\" alt=\"\" width=\"900\" height=\"900\" srcset=\"https:\/\/claudia-cornelie-cebulla.de\/wp-content\/uploads\/2017\/04\/Miro-Wasser.jpg 900w, https:\/\/claudia-cornelie-cebulla.de\/wp-content\/uploads\/2017\/04\/Miro-Wasser-150x150.jpg 150w, https:\/\/claudia-cornelie-cebulla.de\/wp-content\/uploads\/2017\/04\/Miro-Wasser-300x300.jpg 300w, https:\/\/claudia-cornelie-cebulla.de\/wp-content\/uploads\/2017\/04\/Miro-Wasser-768x768.jpg 768w\" sizes=\"(max-width: 900px) 100vw, 900px\" \/><\/a>Hommage an Joan Mir\u00f3<\/p>\n<p>&nbsp;<\/p>\n<p>&nbsp;<\/p>\n","protected":false},"excerpt":{"rendered":"<p>Die Werke vieler K\u00fcnstler sind hinreichend bekannt. Aber wie sah der K\u00fcnstler aus? Sein Gesicht habe ich nun in den Vordergrund ger\u00fcckt. Eines seiner Werke steht &#8220;dahinter&#8221;. Hier habe ich versucht in einer Hommage an die K\u00fcnstler ein Werk und das Gesicht auf einem Bild zu vereinen. Hommage an Gabriele M\u00fcnter &nbsp; Hommage an Edvard &hellip; <a href=\"https:\/\/claudia-cornelie-cebulla.de\/?page_id=36\" class=\"more-link\"><span class=\"screen-reader-text\">Hinter dem Gesicht<\/span> weiterlesen<\/a><\/p>\n","protected":false},"author":1,"featured_media":0,"parent":101,"menu_order":31,"comment_status":"open","ping_status":"closed","template":"","meta":[],"_links":{"self":[{"href":"https:\/\/claudia-cornelie-cebulla.de\/index.php?rest_route=\/wp\/v2\/pages\/36"}],"collection":[{"href":"https:\/\/claudia-cornelie-cebulla.de\/index.php?rest_route=\/wp\/v2\/pages"}],"about":[{"href":"https:\/\/claudia-cornelie-cebulla.de\/index.php?rest_route=\/wp\/v2\/types\/page"}],"author":[{"embeddable":true,"href":"https:\/\/claudia-cornelie-cebulla.de\/index.php?rest_route=\/wp\/v2\/users\/1"}],"replies":[{"embeddable":true,"href":"https:\/\/claudia-cornelie-cebulla.de\/index.php?rest_route=%2Fwp%2Fv2%2Fcomments&post=36"}],"version-history":[{"count":8,"href":"https:\/\/claudia-cornelie-cebulla.de\/index.php?rest_route=\/wp\/v2\/pages\/36\/revisions"}],"predecessor-version":[{"id":384,"href":"https:\/\/claudia-cornelie-cebulla.de\/index.php?rest_route=\/wp\/v2\/pages\/36\/revisions\/384"}],"up":[{"embeddable":true,"href":"https:\/\/claudia-cornelie-cebulla.de\/index.php?rest_route=\/wp\/v2\/pages\/101"}],"wp:attachment":[{"href":"https:\/\/claudia-cornelie-cebulla.de\/index.php?rest_route=%2Fwp%2Fv2%2Fmedia&parent=36"}],"curies":[{"name":"wp","href":"https:\/\/api.w.org\/{rel}","templated":true}]}}