{"id":197,"date":"2017-11-26T13:09:23","date_gmt":"2017-11-26T12:09:23","guid":{"rendered":"https:\/\/claudia-cornelie-cebulla.de\/?page_id=197"},"modified":"2018-10-20T08:58:51","modified_gmt":"2018-10-20T06:58:51","slug":"die-gaerten-von-lochow","status":"publish","type":"page","link":"https:\/\/claudia-cornelie-cebulla.de\/?page_id=197","title":{"rendered":"Die G\u00e4rten von Lochow"},"content":{"rendered":"<p>Im Frankenwald gibt es eine reizende kleine G\u00e4rtnerei. Die G\u00e4rten von Lochow eben. Hier entstanden diese Impressionen in Form von Pastellen.<\/p>\n<p>Das Faszinierende an der Pastellmalerei ist die Verbindung von Malerei und Zeichnung. Farbe kann fl\u00e4chig aufgetragen werden. Genauso kann mit den Pastellkreiden gezeichnet werden. Gro\u00dfe Vorbilder sind f\u00fcr mich die Pastelle von Edgar Degas und die farbenfrohen Blumenaquarelle von Emil Nolde.<\/p>\n<p><a href=\"https:\/\/claudia-cornelie-cebulla.de\/wp-content\/uploads\/2017\/04\/Garten_1.jpg\"><img loading=\"lazy\" class=\"alignnone size-full wp-image-175\" src=\"https:\/\/claudia-cornelie-cebulla.de\/wp-content\/uploads\/2017\/04\/Garten_1.jpg\" alt=\"garten_1\" width=\"3000\" height=\"3750\" srcset=\"https:\/\/claudia-cornelie-cebulla.de\/wp-content\/uploads\/2017\/04\/Garten_1.jpg 3000w, https:\/\/claudia-cornelie-cebulla.de\/wp-content\/uploads\/2017\/04\/Garten_1-240x300.jpg 240w, https:\/\/claudia-cornelie-cebulla.de\/wp-content\/uploads\/2017\/04\/Garten_1-819x1024.jpg 819w\" sizes=\"(max-width: 3000px) 100vw, 3000px\" \/><\/a><\/p>\n<p><a href=\"https:\/\/claudia-cornelie-cebulla.de\/wp-content\/uploads\/2017\/04\/Garten_2.jpg\"><img loading=\"lazy\" class=\"alignnone size-full wp-image-176\" src=\"https:\/\/claudia-cornelie-cebulla.de\/wp-content\/uploads\/2017\/04\/Garten_2.jpg\" alt=\"garten_2\" width=\"3750\" height=\"3000\" srcset=\"https:\/\/claudia-cornelie-cebulla.de\/wp-content\/uploads\/2017\/04\/Garten_2.jpg 3750w, https:\/\/claudia-cornelie-cebulla.de\/wp-content\/uploads\/2017\/04\/Garten_2-300x240.jpg 300w, https:\/\/claudia-cornelie-cebulla.de\/wp-content\/uploads\/2017\/04\/Garten_2-1024x819.jpg 1024w\" sizes=\"(max-width: 3750px) 100vw, 3750px\" \/><\/a><\/p>\n<p><a href=\"https:\/\/claudia-cornelie-cebulla.de\/wp-content\/uploads\/2017\/04\/Garten_3.jpg\"><img loading=\"lazy\" class=\"alignnone size-full wp-image-177\" src=\"https:\/\/claudia-cornelie-cebulla.de\/wp-content\/uploads\/2017\/04\/Garten_3.jpg\" alt=\"garten_3\" width=\"3000\" height=\"3750\" srcset=\"https:\/\/claudia-cornelie-cebulla.de\/wp-content\/uploads\/2017\/04\/Garten_3.jpg 3000w, https:\/\/claudia-cornelie-cebulla.de\/wp-content\/uploads\/2017\/04\/Garten_3-240x300.jpg 240w, https:\/\/claudia-cornelie-cebulla.de\/wp-content\/uploads\/2017\/04\/Garten_3-819x1024.jpg 819w\" sizes=\"(max-width: 3000px) 100vw, 3000px\" \/><\/a><\/p>\n<p><a href=\"https:\/\/claudia-cornelie-cebulla.de\/wp-content\/uploads\/2017\/04\/Garten_4.jpg\"><img loading=\"lazy\" class=\"alignnone size-full wp-image-178\" src=\"https:\/\/claudia-cornelie-cebulla.de\/wp-content\/uploads\/2017\/04\/Garten_4.jpg\" alt=\"garten_4\" width=\"3000\" height=\"3750\" srcset=\"https:\/\/claudia-cornelie-cebulla.de\/wp-content\/uploads\/2017\/04\/Garten_4.jpg 3000w, https:\/\/claudia-cornelie-cebulla.de\/wp-content\/uploads\/2017\/04\/Garten_4-240x300.jpg 240w, https:\/\/claudia-cornelie-cebulla.de\/wp-content\/uploads\/2017\/04\/Garten_4-819x1024.jpg 819w\" sizes=\"(max-width: 3000px) 100vw, 3000px\" \/><\/a><\/p>\n<p><a href=\"https:\/\/claudia-cornelie-cebulla.de\/wp-content\/uploads\/2017\/04\/Garten_5.jpg\"><img loading=\"lazy\" class=\"alignnone size-full wp-image-179\" src=\"https:\/\/claudia-cornelie-cebulla.de\/wp-content\/uploads\/2017\/04\/Garten_5.jpg\" alt=\"garten_5\" width=\"3000\" height=\"3750\" srcset=\"https:\/\/claudia-cornelie-cebulla.de\/wp-content\/uploads\/2017\/04\/Garten_5.jpg 3000w, https:\/\/claudia-cornelie-cebulla.de\/wp-content\/uploads\/2017\/04\/Garten_5-240x300.jpg 240w, https:\/\/claudia-cornelie-cebulla.de\/wp-content\/uploads\/2017\/04\/Garten_5-819x1024.jpg 819w\" sizes=\"(max-width: 3000px) 100vw, 3000px\" \/><\/a><\/p>\n<p><a href=\"https:\/\/claudia-cornelie-cebulla.de\/wp-content\/uploads\/2017\/04\/Garten_6.jpg\"><img loading=\"lazy\" class=\"alignnone size-full wp-image-180\" src=\"https:\/\/claudia-cornelie-cebulla.de\/wp-content\/uploads\/2017\/04\/Garten_6.jpg\" alt=\"garten_6\" width=\"3000\" height=\"3750\" srcset=\"https:\/\/claudia-cornelie-cebulla.de\/wp-content\/uploads\/2017\/04\/Garten_6.jpg 3000w, https:\/\/claudia-cornelie-cebulla.de\/wp-content\/uploads\/2017\/04\/Garten_6-240x300.jpg 240w, https:\/\/claudia-cornelie-cebulla.de\/wp-content\/uploads\/2017\/04\/Garten_6-819x1024.jpg 819w\" sizes=\"(max-width: 3000px) 100vw, 3000px\" \/><\/a><\/p>\n<p><a href=\"https:\/\/claudia-cornelie-cebulla.de\/wp-content\/uploads\/2017\/04\/Garten_7.jpg\"><img loading=\"lazy\" class=\"alignnone size-full wp-image-181\" src=\"https:\/\/claudia-cornelie-cebulla.de\/wp-content\/uploads\/2017\/04\/Garten_7.jpg\" alt=\"garten_7\" width=\"3000\" height=\"3750\" srcset=\"https:\/\/claudia-cornelie-cebulla.de\/wp-content\/uploads\/2017\/04\/Garten_7.jpg 3000w, https:\/\/claudia-cornelie-cebulla.de\/wp-content\/uploads\/2017\/04\/Garten_7-240x300.jpg 240w, https:\/\/claudia-cornelie-cebulla.de\/wp-content\/uploads\/2017\/04\/Garten_7-819x1024.jpg 819w\" sizes=\"(max-width: 3000px) 100vw, 3000px\" \/><\/a><\/p>\n<p><a href=\"https:\/\/claudia-cornelie-cebulla.de\/wp-content\/uploads\/2017\/04\/Garten_8.jpg\"><img loading=\"lazy\" class=\"alignnone size-full wp-image-182\" src=\"https:\/\/claudia-cornelie-cebulla.de\/wp-content\/uploads\/2017\/04\/Garten_8.jpg\" alt=\"garten_8\" width=\"3000\" height=\"3750\" srcset=\"https:\/\/claudia-cornelie-cebulla.de\/wp-content\/uploads\/2017\/04\/Garten_8.jpg 3000w, https:\/\/claudia-cornelie-cebulla.de\/wp-content\/uploads\/2017\/04\/Garten_8-240x300.jpg 240w, https:\/\/claudia-cornelie-cebulla.de\/wp-content\/uploads\/2017\/04\/Garten_8-819x1024.jpg 819w\" sizes=\"(max-width: 3000px) 100vw, 3000px\" \/><\/a><\/p>\n<p><a href=\"https:\/\/claudia-cornelie-cebulla.de\/wp-content\/uploads\/2017\/04\/Garten_9.jpg\"><img loading=\"lazy\" class=\"alignnone size-full wp-image-183\" src=\"https:\/\/claudia-cornelie-cebulla.de\/wp-content\/uploads\/2017\/04\/Garten_9.jpg\" alt=\"garten_9\" width=\"3000\" height=\"3750\" srcset=\"https:\/\/claudia-cornelie-cebulla.de\/wp-content\/uploads\/2017\/04\/Garten_9.jpg 3000w, https:\/\/claudia-cornelie-cebulla.de\/wp-content\/uploads\/2017\/04\/Garten_9-240x300.jpg 240w, https:\/\/claudia-cornelie-cebulla.de\/wp-content\/uploads\/2017\/04\/Garten_9-819x1024.jpg 819w\" sizes=\"(max-width: 3000px) 100vw, 3000px\" \/><\/a><\/p>\n<p><a href=\"https:\/\/claudia-cornelie-cebulla.de\/wp-content\/uploads\/2017\/04\/Garten_10.jpg\"><img loading=\"lazy\" class=\"alignnone size-full wp-image-184\" src=\"https:\/\/claudia-cornelie-cebulla.de\/wp-content\/uploads\/2017\/04\/Garten_10.jpg\" alt=\"garten_10\" width=\"3000\" height=\"3750\" srcset=\"https:\/\/claudia-cornelie-cebulla.de\/wp-content\/uploads\/2017\/04\/Garten_10.jpg 3000w, https:\/\/claudia-cornelie-cebulla.de\/wp-content\/uploads\/2017\/04\/Garten_10-240x300.jpg 240w, https:\/\/claudia-cornelie-cebulla.de\/wp-content\/uploads\/2017\/04\/Garten_10-819x1024.jpg 819w\" sizes=\"(max-width: 3000px) 100vw, 3000px\" \/><\/a><\/p>\n<p><a href=\"https:\/\/claudia-cornelie-cebulla.de\/wp-content\/uploads\/2017\/04\/Garten_11.jpg\"><img loading=\"lazy\" class=\"alignnone size-full wp-image-185\" src=\"https:\/\/claudia-cornelie-cebulla.de\/wp-content\/uploads\/2017\/04\/Garten_11.jpg\" alt=\"garten_11\" width=\"3000\" height=\"3750\" srcset=\"https:\/\/claudia-cornelie-cebulla.de\/wp-content\/uploads\/2017\/04\/Garten_11.jpg 3000w, https:\/\/claudia-cornelie-cebulla.de\/wp-content\/uploads\/2017\/04\/Garten_11-240x300.jpg 240w, https:\/\/claudia-cornelie-cebulla.de\/wp-content\/uploads\/2017\/04\/Garten_11-819x1024.jpg 819w\" sizes=\"(max-width: 3000px) 100vw, 3000px\" \/><\/a><\/p>\n<p><a href=\"https:\/\/claudia-cornelie-cebulla.de\/wp-content\/uploads\/2017\/04\/Garten_12.jpg\"><img loading=\"lazy\" class=\"alignnone size-full wp-image-186\" src=\"https:\/\/claudia-cornelie-cebulla.de\/wp-content\/uploads\/2017\/04\/Garten_12.jpg\" alt=\"garten_12\" width=\"3750\" height=\"3000\" srcset=\"https:\/\/claudia-cornelie-cebulla.de\/wp-content\/uploads\/2017\/04\/Garten_12.jpg 3750w, https:\/\/claudia-cornelie-cebulla.de\/wp-content\/uploads\/2017\/04\/Garten_12-300x240.jpg 300w, https:\/\/claudia-cornelie-cebulla.de\/wp-content\/uploads\/2017\/04\/Garten_12-1024x819.jpg 1024w\" sizes=\"(max-width: 3750px) 100vw, 3750px\" \/><\/a><\/p>\n<p><a href=\"https:\/\/claudia-cornelie-cebulla.de\/wp-content\/uploads\/2017\/04\/Garten_13.jpg\"><img loading=\"lazy\" class=\"alignnone size-full wp-image-187\" src=\"https:\/\/claudia-cornelie-cebulla.de\/wp-content\/uploads\/2017\/04\/Garten_13.jpg\" alt=\"garten_13\" width=\"3750\" height=\"3000\" srcset=\"https:\/\/claudia-cornelie-cebulla.de\/wp-content\/uploads\/2017\/04\/Garten_13.jpg 3750w, https:\/\/claudia-cornelie-cebulla.de\/wp-content\/uploads\/2017\/04\/Garten_13-300x240.jpg 300w, https:\/\/claudia-cornelie-cebulla.de\/wp-content\/uploads\/2017\/04\/Garten_13-1024x819.jpg 1024w\" sizes=\"(max-width: 3750px) 100vw, 3750px\" \/><\/a><\/p>\n<p><a href=\"https:\/\/claudia-cornelie-cebulla.de\/wp-content\/uploads\/2017\/04\/Garten_14.jpg\"><img loading=\"lazy\" class=\"alignnone size-full wp-image-188\" src=\"https:\/\/claudia-cornelie-cebulla.de\/wp-content\/uploads\/2017\/04\/Garten_14.jpg\" alt=\"garten_14\" width=\"3750\" height=\"3000\" srcset=\"https:\/\/claudia-cornelie-cebulla.de\/wp-content\/uploads\/2017\/04\/Garten_14.jpg 3750w, https:\/\/claudia-cornelie-cebulla.de\/wp-content\/uploads\/2017\/04\/Garten_14-300x240.jpg 300w, https:\/\/claudia-cornelie-cebulla.de\/wp-content\/uploads\/2017\/04\/Garten_14-1024x819.jpg 1024w\" sizes=\"(max-width: 3750px) 100vw, 3750px\" \/><\/a><\/p>\n<p><a href=\"https:\/\/claudia-cornelie-cebulla.de\/wp-content\/uploads\/2017\/04\/Garten_15.jpg\"><img loading=\"lazy\" class=\"alignnone size-full wp-image-189\" src=\"https:\/\/claudia-cornelie-cebulla.de\/wp-content\/uploads\/2017\/04\/Garten_15.jpg\" alt=\"garten_15\" width=\"3000\" height=\"3750\" srcset=\"https:\/\/claudia-cornelie-cebulla.de\/wp-content\/uploads\/2017\/04\/Garten_15.jpg 3000w, https:\/\/claudia-cornelie-cebulla.de\/wp-content\/uploads\/2017\/04\/Garten_15-240x300.jpg 240w, https:\/\/claudia-cornelie-cebulla.de\/wp-content\/uploads\/2017\/04\/Garten_15-819x1024.jpg 819w\" sizes=\"(max-width: 3000px) 100vw, 3000px\" \/><\/a><\/p>\n<p><a href=\"https:\/\/claudia-cornelie-cebulla.de\/wp-content\/uploads\/2017\/04\/Garten_16.jpg\"><img loading=\"lazy\" class=\"alignnone size-full wp-image-190\" src=\"https:\/\/claudia-cornelie-cebulla.de\/wp-content\/uploads\/2017\/04\/Garten_16.jpg\" alt=\"garten_16\" width=\"3000\" height=\"3750\" srcset=\"https:\/\/claudia-cornelie-cebulla.de\/wp-content\/uploads\/2017\/04\/Garten_16.jpg 3000w, https:\/\/claudia-cornelie-cebulla.de\/wp-content\/uploads\/2017\/04\/Garten_16-240x300.jpg 240w, https:\/\/claudia-cornelie-cebulla.de\/wp-content\/uploads\/2017\/04\/Garten_16-819x1024.jpg 819w\" sizes=\"(max-width: 3000px) 100vw, 3000px\" \/><\/a><\/p>\n<p><a href=\"https:\/\/claudia-cornelie-cebulla.de\/wp-content\/uploads\/2017\/04\/Garten_17.jpg\"><img loading=\"lazy\" class=\"alignnone size-full wp-image-191\" src=\"https:\/\/claudia-cornelie-cebulla.de\/wp-content\/uploads\/2017\/04\/Garten_17.jpg\" alt=\"garten_17\" width=\"3000\" height=\"3750\" srcset=\"https:\/\/claudia-cornelie-cebulla.de\/wp-content\/uploads\/2017\/04\/Garten_17.jpg 3000w, https:\/\/claudia-cornelie-cebulla.de\/wp-content\/uploads\/2017\/04\/Garten_17-240x300.jpg 240w, https:\/\/claudia-cornelie-cebulla.de\/wp-content\/uploads\/2017\/04\/Garten_17-819x1024.jpg 819w\" sizes=\"(max-width: 3000px) 100vw, 3000px\" \/><\/a><\/p>\n<p><a href=\"https:\/\/claudia-cornelie-cebulla.de\/wp-content\/uploads\/2017\/04\/Garten_18.jpg\"><img loading=\"lazy\" class=\"alignnone size-full wp-image-192\" src=\"https:\/\/claudia-cornelie-cebulla.de\/wp-content\/uploads\/2017\/04\/Garten_18.jpg\" alt=\"garten_18\" width=\"3000\" height=\"3750\" srcset=\"https:\/\/claudia-cornelie-cebulla.de\/wp-content\/uploads\/2017\/04\/Garten_18.jpg 3000w, https:\/\/claudia-cornelie-cebulla.de\/wp-content\/uploads\/2017\/04\/Garten_18-240x300.jpg 240w, https:\/\/claudia-cornelie-cebulla.de\/wp-content\/uploads\/2017\/04\/Garten_18-819x1024.jpg 819w\" sizes=\"(max-width: 3000px) 100vw, 3000px\" \/><\/a><\/p>\n<p>&nbsp;<\/p>\n<p>&nbsp;<\/p>\n","protected":false},"excerpt":{"rendered":"<p>Im Frankenwald gibt es eine reizende kleine G\u00e4rtnerei. Die G\u00e4rten von Lochow eben. Hier entstanden diese Impressionen in Form von Pastellen. Das Faszinierende an der Pastellmalerei ist die Verbindung von Malerei und Zeichnung. Farbe kann fl\u00e4chig aufgetragen werden. Genauso kann mit den Pastellkreiden gezeichnet werden. Gro\u00dfe Vorbilder sind f\u00fcr mich die Pastelle von Edgar Degas &hellip; <a href=\"https:\/\/claudia-cornelie-cebulla.de\/?page_id=197\" class=\"more-link\"><span class=\"screen-reader-text\">Die G\u00e4rten von Lochow<\/span> weiterlesen<\/a><\/p>\n","protected":false},"author":2,"featured_media":0,"parent":101,"menu_order":45,"comment_status":"open","ping_status":"closed","template":"","meta":[],"_links":{"self":[{"href":"https:\/\/claudia-cornelie-cebulla.de\/index.php?rest_route=\/wp\/v2\/pages\/197"}],"collection":[{"href":"https:\/\/claudia-cornelie-cebulla.de\/index.php?rest_route=\/wp\/v2\/pages"}],"about":[{"href":"https:\/\/claudia-cornelie-cebulla.de\/index.php?rest_route=\/wp\/v2\/types\/page"}],"author":[{"embeddable":true,"href":"https:\/\/claudia-cornelie-cebulla.de\/index.php?rest_route=\/wp\/v2\/users\/2"}],"replies":[{"embeddable":true,"href":"https:\/\/claudia-cornelie-cebulla.de\/index.php?rest_route=%2Fwp%2Fv2%2Fcomments&post=197"}],"version-history":[{"count":6,"href":"https:\/\/claudia-cornelie-cebulla.de\/index.php?rest_route=\/wp\/v2\/pages\/197\/revisions"}],"predecessor-version":[{"id":215,"href":"https:\/\/claudia-cornelie-cebulla.de\/index.php?rest_route=\/wp\/v2\/pages\/197\/revisions\/215"}],"up":[{"embeddable":true,"href":"https:\/\/claudia-cornelie-cebulla.de\/index.php?rest_route=\/wp\/v2\/pages\/101"}],"wp:attachment":[{"href":"https:\/\/claudia-cornelie-cebulla.de\/index.php?rest_route=%2Fwp%2Fv2%2Fmedia&parent=197"}],"curies":[{"name":"wp","href":"https:\/\/api.w.org\/{rel}","templated":true}]}}