{"id":13,"date":"2017-03-24T18:51:08","date_gmt":"2017-03-24T17:51:08","guid":{"rendered":"https:\/\/claudia-cornelie-cebulla.de\/?page_id=13"},"modified":"2018-10-20T08:58:51","modified_gmt":"2018-10-20T06:58:51","slug":"atelier-ccc","status":"publish","type":"page","link":"https:\/\/claudia-cornelie-cebulla.de\/?page_id=13","title":{"rendered":"Atelier CCC"},"content":{"rendered":"<p><a href=\"https:\/\/claudia-cornelie-cebulla.de\/wp-content\/uploads\/2017\/03\/image.11TNXY.png\"><img loading=\"lazy\" class=\"  wp-image-8 aligncenter\" src=\"https:\/\/claudia-cornelie-cebulla.de\/wp-content\/uploads\/2017\/03\/image.11TNXY-300x137.png\" alt=\"image-11tnxy\" width=\"739\" height=\"337\" srcset=\"https:\/\/claudia-cornelie-cebulla.de\/wp-content\/uploads\/2017\/03\/image.11TNXY-300x137.png 300w, https:\/\/claudia-cornelie-cebulla.de\/wp-content\/uploads\/2017\/03\/image.11TNXY.png 916w\" sizes=\"(max-width: 739px) 100vw, 739px\" \/><\/a><strong>Wie alles anfing&#8230;<\/strong><\/p>\n<p>Die K\u00fcnstlerin Claudia Cornelie Cebulla trug sich seit l\u00e4ngerem mit dem Gedanken ein Atelier ein zu richten. Unklar war nur der Ort.<\/p>\n<p>S\u00fcdfrankreich, oder lieber doch die Toskana?<\/p>\n<p>Als im Geldersheimer\u00a0 Amtsblatt <a href=\"https:\/\/claudia-cornelie-cebulla.de\/wp-content\/uploads\/2017\/03\/image.YDXUXY.png\"><img loading=\"lazy\" class=\"  wp-image-9 alignright\" src=\"https:\/\/claudia-cornelie-cebulla.de\/wp-content\/uploads\/2017\/03\/image.YDXUXY-221x300.png\" alt=\"image-ydxuxy\" width=\"355\" height=\"482\" srcset=\"https:\/\/claudia-cornelie-cebulla.de\/wp-content\/uploads\/2017\/03\/image.YDXUXY-221x300.png 221w, https:\/\/claudia-cornelie-cebulla.de\/wp-content\/uploads\/2017\/03\/image.YDXUXY.png 516w\" sizes=\"(max-width: 355px) 100vw, 355px\" \/><\/a>ein restaurierter,\u00a0 gut ausgestatteter Gaden von der Gemeinde zur Miete angeboten wurde, reifte mit dieser Offerte die Erkenntnis, dass ein Atelier direkt am Wohnort seine Vorteile hat. Statt f\u00fcr wenige Wochen im Jahr w\u00e4re es uneingeschr\u00e4nkt nutzbar.<\/p>\n<p>Der Gedanke, den Gaden zu mieten, nahm Formen an. Also wurde ein Termin vereinbart, der Gaden besichtigt, der Wunsch das Objekt zu mieten ge\u00e4u\u00dfert. Nun begann das bange Warten, f\u00fcr welchen Interessenten sich der Gemeinderat entscheiden w\u00fcrde. Dieser befand, dass ein Atelier am besten in das Ensemble der Gadenanlage passen w\u00fcrde. So konnte der Gaden ab M\u00e4rz 2001 gemietet werden!<\/p>\n<p><strong>Planung und Einrichtung&#8230;<\/strong><\/p>\n<p>Nun musste das Objekt eingerichtet werden. Als Grundlage dienten die <a href=\"https:\/\/claudia-cornelie-cebulla.de\/wp-content\/uploads\/2017\/03\/image.MVGFXY.png\"><img loading=\"lazy\" class=\" size-medium wp-image-10 alignright\" src=\"https:\/\/claudia-cornelie-cebulla.de\/wp-content\/uploads\/2017\/03\/image.MVGFXY-259x300.png\" alt=\"image-mvgfxy\" width=\"259\" height=\"300\" srcset=\"https:\/\/claudia-cornelie-cebulla.de\/wp-content\/uploads\/2017\/03\/image.MVGFXY-259x300.png 259w, https:\/\/claudia-cornelie-cebulla.de\/wp-content\/uploads\/2017\/03\/image.MVGFXY-884x1024.png 884w, https:\/\/claudia-cornelie-cebulla.de\/wp-content\/uploads\/2017\/03\/image.MVGFXY.png 1479w\" sizes=\"(max-width: 259px) 100vw, 259px\" \/><\/a>Elektropl\u00e4ne. Die Firma des Ehegatten, DTP Vetter , \u00fcberarbeitete diese und gemeinsam wurde ein Konzept f\u00fcr die Einrichtung entwickelt. Kataloge wurden gew\u00e4lzt. Grundrisse am Rechner ausprobiert und wieder verworfen.<\/p>\n<p><a href=\"https:\/\/claudia-cornelie-cebulla.de\/wp-content\/uploads\/2017\/03\/image.W92XXY.png\"><img loading=\"lazy\" class=\" size-medium wp-image-11 alignleft\" src=\"https:\/\/claudia-cornelie-cebulla.de\/wp-content\/uploads\/2017\/03\/image.W92XXY-259x300.png\" alt=\"image-w92xxy\" width=\"259\" height=\"300\" srcset=\"https:\/\/claudia-cornelie-cebulla.de\/wp-content\/uploads\/2017\/03\/image.W92XXY-259x300.png 259w, https:\/\/claudia-cornelie-cebulla.de\/wp-content\/uploads\/2017\/03\/image.W92XXY-884x1024.png 884w, https:\/\/claudia-cornelie-cebulla.de\/wp-content\/uploads\/2017\/03\/image.W92XXY.png 1479w\" sizes=\"(max-width: 259px) 100vw, 259px\" \/><\/a><\/p>\n<p>&nbsp;<\/p>\n<p>&nbsp;<\/p>\n<p>&nbsp;<\/p>\n<p>Als die Planungen Formen angenommen hatten, wurde ein Anh\u00e4nger geliehen und in einem gro\u00dfen schwedischen M\u00f6belhaus die Grundausstattung eingekauft. Anschlie\u00dfend erfolgte der Zusammenbau mit dem ber\u00fchmten Innensechskant-Schl\u00fcssel.<\/p>\n<p><a href=\"https:\/\/claudia-cornelie-cebulla.de\/wp-content\/uploads\/2017\/03\/image.NAXZXY.png\"><img loading=\"lazy\" class=\" size-medium wp-image-16 alignleft\" src=\"https:\/\/claudia-cornelie-cebulla.de\/wp-content\/uploads\/2017\/03\/image.NAXZXY-300x225.png\" alt=\"image-naxzxy\" width=\"300\" height=\"225\" srcset=\"https:\/\/claudia-cornelie-cebulla.de\/wp-content\/uploads\/2017\/03\/image.NAXZXY-300x225.png 300w, https:\/\/claudia-cornelie-cebulla.de\/wp-content\/uploads\/2017\/03\/image.NAXZXY.png 800w\" sizes=\"(max-width: 300px) 100vw, 300px\" \/><\/a>Im Erdgeschoss entstand ein gro\u00dfz\u00fcgiger Arbeitsplatz, eine kleine Sitzecke, eine Teek\u00fcche und eine witzige Garderobe.<a href=\"https:\/\/claudia-cornelie-cebulla.de\/wp-content\/uploads\/2017\/03\/image.U7O0XY.png\"><img loading=\"lazy\" class=\" size-medium wp-image-14 alignright\" src=\"https:\/\/claudia-cornelie-cebulla.de\/wp-content\/uploads\/2017\/03\/image.U7O0XY-225x300.png\" alt=\"image-u7o0xy\" width=\"225\" height=\"300\" srcset=\"https:\/\/claudia-cornelie-cebulla.de\/wp-content\/uploads\/2017\/03\/image.U7O0XY-225x300.png 225w, https:\/\/claudia-cornelie-cebulla.de\/wp-content\/uploads\/2017\/03\/image.U7O0XY.png 600w\" sizes=\"(max-width: 225px) 100vw, 225px\" \/><\/a><\/p>\n<p><a href=\"https:\/\/claudia-cornelie-cebulla.de\/wp-content\/uploads\/2017\/03\/image.50TLXY.png\"><img loading=\"lazy\" class=\" size-medium wp-image-15 alignleft\" src=\"https:\/\/claudia-cornelie-cebulla.de\/wp-content\/uploads\/2017\/03\/image.50TLXY-300x226.png\" alt=\"image-50tlxy\" width=\"300\" height=\"226\" srcset=\"https:\/\/claudia-cornelie-cebulla.de\/wp-content\/uploads\/2017\/03\/image.50TLXY-300x226.png 300w, https:\/\/claudia-cornelie-cebulla.de\/wp-content\/uploads\/2017\/03\/image.50TLXY.png 800w\" sizes=\"(max-width: 300px) 100vw, 300px\" \/><\/a>\u00a0 <a href=\"https:\/\/claudia-cornelie-cebulla.de\/wp-content\/uploads\/2017\/03\/image.ZCUWXY.png\"><img loading=\"lazy\" class=\" size-medium wp-image-17 alignright\" src=\"https:\/\/claudia-cornelie-cebulla.de\/wp-content\/uploads\/2017\/03\/image.ZCUWXY-300x225.png\" alt=\"image-zcuwxy\" width=\"300\" height=\"225\" srcset=\"https:\/\/claudia-cornelie-cebulla.de\/wp-content\/uploads\/2017\/03\/image.ZCUWXY-300x225.png 300w, https:\/\/claudia-cornelie-cebulla.de\/wp-content\/uploads\/2017\/03\/image.ZCUWXY.png 400w\" sizes=\"(max-width: 300px) 100vw, 300px\" \/><\/a><\/p>\n<p>&nbsp;<\/p>\n<p>&nbsp;<\/p>\n<p>&nbsp;<\/p>\n<p>&nbsp;<\/p>\n<p>&nbsp;<\/p>\n<p>&nbsp;<\/p>\n<p>&nbsp;<\/p>\n<p>&nbsp;<\/p>\n<p>&nbsp;<\/p>\n<p>Im Obergeschoss eine gro\u00dfe Arbeitsfl\u00e4che, um mit Gruppen dort arbeiten zu k\u00f6nnen. Regale nehmen eine kleine erlesene Kunstbibliothek der K\u00fcnstlerin auf. \u00dcberall an den W\u00e4nden ist ein Schienensystem installiert, um flexibel und problemlos Bilder ausstellen zu k\u00f6nnen.<\/p>\n<p><strong>Das Atelier im Spiegel der Presse<\/strong><\/p>\n<p><a href=\"https:\/\/claudia-cornelie-cebulla.de\/wp-content\/uploads\/2017\/03\/image.207FXY.png\"><img loading=\"lazy\" class=\"  wp-image-12 aligncenter\" src=\"https:\/\/claudia-cornelie-cebulla.de\/wp-content\/uploads\/2017\/03\/image.207FXY-300x133.png\" alt=\"image-207fxy\" width=\"714\" height=\"317\" srcset=\"https:\/\/claudia-cornelie-cebulla.de\/wp-content\/uploads\/2017\/03\/image.207FXY-300x133.png 300w, https:\/\/claudia-cornelie-cebulla.de\/wp-content\/uploads\/2017\/03\/image.207FXY-1024x454.png 1024w, https:\/\/claudia-cornelie-cebulla.de\/wp-content\/uploads\/2017\/03\/image.207FXY.png 1646w\" sizes=\"(max-width: 714px) 100vw, 714px\" \/><\/a><a href=\"https:\/\/claudia-cornelie-cebulla.de\/wp-content\/uploads\/2017\/03\/image.7YL0XY.png\"><img loading=\"lazy\" class=\"  wp-image-18 aligncenter\" src=\"https:\/\/claudia-cornelie-cebulla.de\/wp-content\/uploads\/2017\/03\/image.7YL0XY-266x300.png\" alt=\"image-7yl0xy\" width=\"815\" height=\"919\" srcset=\"https:\/\/claudia-cornelie-cebulla.de\/wp-content\/uploads\/2017\/03\/image.7YL0XY-266x300.png 266w, https:\/\/claudia-cornelie-cebulla.de\/wp-content\/uploads\/2017\/03\/image.7YL0XY.png 800w\" sizes=\"(max-width: 815px) 100vw, 815px\" \/><\/a><\/p>\n","protected":false},"excerpt":{"rendered":"<p>Wie alles anfing&#8230; Die K\u00fcnstlerin Claudia Cornelie Cebulla trug sich seit l\u00e4ngerem mit dem Gedanken ein Atelier ein zu richten. Unklar war nur der Ort. S\u00fcdfrankreich, oder lieber doch die Toskana? Als im Geldersheimer\u00a0 Amtsblatt ein restaurierter,\u00a0 gut ausgestatteter Gaden von der Gemeinde zur Miete angeboten wurde, reifte mit dieser Offerte die Erkenntnis, dass ein &hellip; <a href=\"https:\/\/claudia-cornelie-cebulla.de\/?page_id=13\" class=\"more-link\"><span class=\"screen-reader-text\">Atelier CCC<\/span> weiterlesen<\/a><\/p>\n","protected":false},"author":1,"featured_media":0,"parent":0,"menu_order":2,"comment_status":"open","ping_status":"open","template":"","meta":[],"_links":{"self":[{"href":"https:\/\/claudia-cornelie-cebulla.de\/index.php?rest_route=\/wp\/v2\/pages\/13"}],"collection":[{"href":"https:\/\/claudia-cornelie-cebulla.de\/index.php?rest_route=\/wp\/v2\/pages"}],"about":[{"href":"https:\/\/claudia-cornelie-cebulla.de\/index.php?rest_route=\/wp\/v2\/types\/page"}],"author":[{"embeddable":true,"href":"https:\/\/claudia-cornelie-cebulla.de\/index.php?rest_route=\/wp\/v2\/users\/1"}],"replies":[{"embeddable":true,"href":"https:\/\/claudia-cornelie-cebulla.de\/index.php?rest_route=%2Fwp%2Fv2%2Fcomments&post=13"}],"version-history":[{"count":4,"href":"https:\/\/claudia-cornelie-cebulla.de\/index.php?rest_route=\/wp\/v2\/pages\/13\/revisions"}],"predecessor-version":[{"id":144,"href":"https:\/\/claudia-cornelie-cebulla.de\/index.php?rest_route=\/wp\/v2\/pages\/13\/revisions\/144"}],"wp:attachment":[{"href":"https:\/\/claudia-cornelie-cebulla.de\/index.php?rest_route=%2Fwp%2Fv2%2Fmedia&parent=13"}],"curies":[{"name":"wp","href":"https:\/\/api.w.org\/{rel}","templated":true}]}}

<p><a href="https://claudia-cornelie-cebulla.de/wp-content/uploads/2017/03/image.11TNXY.png"><img loading="lazy" class="  wp-image-8 aligncenter" src="https://claudia-cornelie-cebulla.de/wp-content/uploads/2017/03/image.11TNXY-300x137.png" alt="image-11tnxy" width="739" height="337" srcset="https://claudia-cornelie-cebulla.de/wp-content/uploads/2017/03/image.11TNXY-300x137.png 300w, https://claudia-cornelie-cebulla.de/wp-content/uploads/2017/03/image.11TNXY.png 916w" sizes="(max-width: 739px) 100vw, 739px" /></a><strong>Wie alles anfing&#8230;</strong></p>
<p>Die Künstlerin Claudia Cornelie Cebulla trug sich seit längerem mit dem Gedanken ein Atelier ein zu richten. Unklar war nur der Ort.</p>
<p>Südfrankreich, oder lieber doch die Toskana?</p>
<p>Als im Geldersheimer  Amtsblatt <a href="https://claudia-cornelie-cebulla.de/wp-content/uploads/2017/03/image.YDXUXY.png"><img loading="lazy" class="  wp-image-9 alignright" src="https://claudia-cornelie-cebulla.de/wp-content/uploads/2017/03/image.YDXUXY-221x300.png" alt="image-ydxuxy" width="355" height="482" srcset="https://claudia-cornelie-cebulla.de/wp-content/uploads/2017/03/image.YDXUXY-221x300.png 221w, https://claudia-cornelie-cebulla.de/wp-content/uploads/2017/03/image.YDXUXY.png 516w" sizes="(max-width: 355px) 100vw, 355px" /></a>ein restaurierter,  gut ausgestatteter Gaden von der Gemeinde zur Miete angeboten wurde, reifte mit dieser Offerte die Erkenntnis, dass ein Atelier direkt am Wohnort seine Vorteile hat. Statt für wenige Wochen im Jahr wäre es uneingeschränkt nutzbar.</p>
<p>Der Gedanke, den Gaden zu mieten, nahm Formen an. Also wurde ein Termin vereinbart, der Gaden besichtigt, der Wunsch das Objekt zu mieten geäußert. Nun begann das bange Warten, für welchen Interessenten sich der Gemeinderat entscheiden würde. Dieser befand, dass ein Atelier am besten in das Ensemble der Gadenanlage passen würde. So konnte der Gaden ab März 2001 gemietet werden!</p>
<p><strong>Planung und Einrichtung&#8230;</strong></p>
<p>Nun musste das Objekt eingerichtet werden. Als Grundlage dienten die <a href="https://claudia-cornelie-cebulla.de/wp-content/uploads/2017/03/image.MVGFXY.png"><img loading="lazy" class=" size-medium wp-image-10 alignright" src="https://claudia-cornelie-cebulla.de/wp-content/uploads/2017/03/image.MVGFXY-259x300.png" alt="image-mvgfxy" width="259" height="300" srcset="https://claudia-cornelie-cebulla.de/wp-content/uploads/2017/03/image.MVGFXY-259x300.png 259w, https://claudia-cornelie-cebulla.de/wp-content/uploads/2017/03/image.MVGFXY-884x1024.png 884w, https://claudia-cornelie-cebulla.de/wp-content/uploads/2017/03/image.MVGFXY.png 1479w" sizes="(max-width: 259px) 100vw, 259px" /></a>Elektropläne. Die Firma des Ehegatten, DTP Vetter , überarbeitete diese und gemeinsam wurde ein Konzept für die Einrichtung entwickelt. Kataloge wurden gewälzt. Grundrisse am Rechner ausprobiert und wieder verworfen.</p>
<p><a href="https://claudia-cornelie-cebulla.de/wp-content/uploads/2017/03/image.W92XXY.png"><img loading="lazy" class=" size-medium wp-image-11 alignleft" src="https://claudia-cornelie-cebulla.de/wp-content/uploads/2017/03/image.W92XXY-259x300.png" alt="image-w92xxy" width="259" height="300" srcset="https://claudia-cornelie-cebulla.de/wp-content/uploads/2017/03/image.W92XXY-259x300.png 259w, https://claudia-cornelie-cebulla.de/wp-content/uploads/2017/03/image.W92XXY-884x1024.png 884w, https://claudia-cornelie-cebulla.de/wp-content/uploads/2017/03/image.W92XXY.png 1479w" sizes="(max-width: 259px) 100vw, 259px" /></a></p>
<p>&nbsp;</p>
<p>&nbsp;</p>
<p>&nbsp;</p>
<p>Als die Planungen Formen angenommen hatten, wurde ein Anhänger geliehen und in einem großen schwedischen Möbelhaus die Grundausstattung eingekauft. Anschließend erfolgte der Zusammenbau mit dem berühmten Innensechskant-Schlüssel.</p>
<p><a href="https://claudia-cornelie-cebulla.de/wp-content/uploads/2017/03/image.NAXZXY.png"><img loading="lazy" class=" size-medium wp-image-16 alignleft" src="https://claudia-cornelie-cebulla.de/wp-content/uploads/2017/03/image.NAXZXY-300x225.png" alt="image-naxzxy" width="300" height="225" srcset="https://claudia-cornelie-cebulla.de/wp-content/uploads/2017/03/image.NAXZXY-300x225.png 300w, https://claudia-cornelie-cebulla.de/wp-content/uploads/2017/03/image.NAXZXY.png 800w" sizes="(max-width: 300px) 100vw, 300px" /></a>Im Erdgeschoss entstand ein großzügiger Arbeitsplatz, eine kleine Sitzecke, eine Teeküche und eine witzige Garderobe.<a href="https://claudia-cornelie-cebulla.de/wp-content/uploads/2017/03/image.U7O0XY.png"><img loading="lazy" class=" size-medium wp-image-14 alignright" src="https://claudia-cornelie-cebulla.de/wp-content/uploads/2017/03/image.U7O0XY-225x300.png" alt="image-u7o0xy" width="225" height="300" srcset="https://claudia-cornelie-cebulla.de/wp-content/uploads/2017/03/image.U7O0XY-225x300.png 225w, https://claudia-cornelie-cebulla.de/wp-content/uploads/2017/03/image.U7O0XY.png 600w" sizes="(max-width: 225px) 100vw, 225px" /></a></p>
<p><a href="https://claudia-cornelie-cebulla.de/wp-content/uploads/2017/03/image.50TLXY.png"><img loading="lazy" class=" size-medium wp-image-15 alignleft" src="https://claudia-cornelie-cebulla.de/wp-content/uploads/2017/03/image.50TLXY-300x226.png" alt="image-50tlxy" width="300" height="226" srcset="https://claudia-cornelie-cebulla.de/wp-content/uploads/2017/03/image.50TLXY-300x226.png 300w, https://claudia-cornelie-cebulla.de/wp-content/uploads/2017/03/image.50TLXY.png 800w" sizes="(max-width: 300px) 100vw, 300px" /></a>  <a href="https://claudia-cornelie-cebulla.de/wp-content/uploads/2017/03/image.ZCUWXY.png"><img loading="lazy" class=" size-medium wp-image-17 alignright" src="https://claudia-cornelie-cebulla.de/wp-content/uploads/2017/03/image.ZCUWXY-300x225.png" alt="image-zcuwxy" width="300" height="225" srcset="https://claudia-cornelie-cebulla.de/wp-content/uploads/2017/03/image.ZCUWXY-300x225.png 300w, https://claudia-cornelie-cebulla.de/wp-content/uploads/2017/03/image.ZCUWXY.png 400w" sizes="(max-width: 300px) 100vw, 300px" /></a></p>
<p>&nbsp;</p>
<p>&nbsp;</p>
<p>&nbsp;</p>
<p>&nbsp;</p>
<p>&nbsp;</p>
<p>&nbsp;</p>
<p>&nbsp;</p>
<p>&nbsp;</p>
<p>&nbsp;</p>
<p>Im Obergeschoss eine große Arbeitsfläche, um mit Gruppen dort arbeiten zu können. Regale nehmen eine kleine erlesene Kunstbibliothek der Künstlerin auf. Überall an den Wänden ist ein Schienensystem installiert, um flexibel und problemlos Bilder ausstellen zu können.</p>
<p><strong>Das Atelier im Spiegel der Presse</strong></p>
<p><a href="https://claudia-cornelie-cebulla.de/wp-content/uploads/2017/03/image.207FXY.png"><img loading="lazy" class="  wp-image-12 aligncenter" src="https://claudia-cornelie-cebulla.de/wp-content/uploads/2017/03/image.207FXY-300x133.png" alt="image-207fxy" width="714" height="317" srcset="https://claudia-cornelie-cebulla.de/wp-content/uploads/2017/03/image.207FXY-300x133.png 300w, https://claudia-cornelie-cebulla.de/wp-content/uploads/2017/03/image.207FXY-1024x454.png 1024w, https://claudia-cornelie-cebulla.de/wp-content/uploads/2017/03/image.207FXY.png 1646w" sizes="(max-width: 714px) 100vw, 714px" /></a><a href="https://claudia-cornelie-cebulla.de/wp-content/uploads/2017/03/image.7YL0XY.png"><img loading="lazy" class="  wp-image-18 aligncenter" src="https://claudia-cornelie-cebulla.de/wp-content/uploads/2017/03/image.7YL0XY-266x300.png" alt="image-7yl0xy" width="815" height="919" srcset="https://claudia-cornelie-cebulla.de/wp-content/uploads/2017/03/image.7YL0XY-266x300.png 266w, https://claudia-cornelie-cebulla.de/wp-content/uploads/2017/03/image.7YL0XY.png 800w" sizes="(max-width: 815px) 100vw, 815px" /></a></p>

<p>Wie alles anfing&#8230; Die Künstlerin Claudia Cornelie Cebulla trug sich seit längerem mit dem Gedanken ein Atelier ein zu richten. Unklar war nur der Ort. Südfrankreich, oder lieber doch die Toskana? Als im Geldersheimer  Amtsblatt ein restaurierter,  gut ausgestatteter Gaden von der Gemeinde zur Miete angeboten wurde, reifte mit dieser Offerte die Erkenntnis, dass ein &hellip; <a href="https://claudia-cornelie-cebulla.de/?page_id=13" class="more-link"><span class="screen-reader-text">Atelier CCC</span> weiterlesen</a></p>
