{"id":120,"date":"2017-04-08T16:20:35","date_gmt":"2017-04-08T14:20:35","guid":{"rendered":"https:\/\/claudia-cornelie-cebulla.de\/?page_id=120"},"modified":"2021-11-20T08:09:48","modified_gmt":"2021-11-20T07:09:48","slug":"ueber-mich","status":"publish","type":"page","link":"https:\/\/claudia-cornelie-cebulla.de\/?page_id=120","title":{"rendered":"\u00dcber mich"},"content":{"rendered":"<p><span style=\"font-family: 'Times New Roman', serif;\"><span style=\"font-size: x-large;\"><span style=\"color: #221744;\">Geboren wurde ich am 09.07.1947 in Ingelfingen, Kreis K\u00fcnzelsau. Nach dem Abitur absolvierte ich ein Lehramtsstudium f\u00fcr Grund- und Hauptschulen mit Schwerpunkt Kunst. In allen Klassen habe ich Kunstunterricht gegeben. F\u00fcr Kollegen und an der VHS habe ich Fortbildungen bzw. Kurse im Fach Kunst gehalten. 1983 bis 1986 absolvierte ich ein Fernkunststudium an der \u201eKunstschule ABC Paris\u201c in Hamburg mit zertifiziertem Abschluss. 1996 bis 2002 absolvierte ich ein Psychologiestudium mit Diplomabschluss. Dabei belegte ich als nichtpsychologisches Pflichtfach Kunstp\u00e4dagogik. <\/span><\/span><\/span><\/p>\n<p><span style=\"font-family: 'Times New Roman', serif;\"><span style=\"font-size: x-large;\"><span style=\"color: #221744;\">2010 \u2013 2017 f\u00fchrte ich eine Praxis f\u00fcr individuelle Therapie von Teilleistungsst\u00f6rungen (Legasthenie und Dyskalkulie)<\/span><\/span><\/span><\/p>\n<p><span style=\"font-family: 'Times New Roman', serif;\"><span style=\"font-size: x-large;\"><span style=\"color: #221744;\">1995 gr\u00fcndete ich eine Malgruppe, die sich monatlich zum Malen trifft. Die k\u00fcnstlerische Leitung dieser Gruppe liegt bei mir. Diese Gruppe hat schon oft ihre Arbeiten ausgestellt, h\u00e4ufig auch beim &#8220;Tag des offenen Ateliers&#8221; der Interkommunalen Allianz Oberes Werntal.<br \/>\n<\/span><\/span><\/span><\/p>\n<p><span style=\"font-family: 'Times New Roman', serif;\"><span style=\"font-size: x-large;\"><span style=\"color: #221744;\">Ich hatte schon viele Einzel- und Gruppenausstellungen u.a. in M\u00fcnchen, W\u00fcrzburg, K\u00fcnzelsau, Arnstein, Schweinfurt und Umgebung.<\/span><\/span><\/span><\/p>\n<p><span style=\"font-family: 'Times New Roman', serif;\"><span style=\"font-size: x-large;\"><span style=\"color: #221744;\">Seit 2006 nehme ich mit meinem Atelier CCC am \u201eTag des offenen Ateliers\u201c teil, einer j\u00e4hrlich stattfindenden Veranstaltung der \u201eAllianz oberes Werntal\u201c. <\/span><\/span><\/span><\/p>\n<p><span style=\"color: #221744;\"><span style=\"font-family: 'Times New Roman', serif;\"><span style=\"font-size: x-large;\">In meinem Wohnort Geldersheim habe ich mit Gleichgesinnten 1994 den \u201eGadenverein\u201c (<a href=\"http:\/\/www.gadenverein.de\/\">www.gadenverein.de<\/a>) gegr\u00fcndet, einen Verein zur F\u00f6rderung von Kunst und Kultur, dessen Vorsitzende ich bis heute bin. Dieser Verein betreibt dort eine Kleinkunstb\u00fchne und die Gadengalerie, deren Leitung ich ebenfalls innehabe. Im Jahr 2015 hatten wir unsere 100. Ausstellung er\u00f6ffnet. (Inzwischen sind es 130).<br \/>\n<\/span><\/span><\/span><\/p>\n<p><span style=\"font-family: 'Times New Roman', serif;\"><span style=\"font-size: x-large;\"><span style=\"color: #221744;\">F\u00fcr viele K\u00fcnstler der Region war ich als Laudatorin t\u00e4tig. F\u00fcr fast alle Vernissagen in der Gadengalerie, sowie langj\u00e4hrig f\u00fcr das Kunstevent &#8220;Artstein&#8221;, aber auch in der Rathausdiele Schweinfurt.<\/span><\/span><\/span><\/p>\n<p><span style=\"font-family: 'Times New Roman', serif;\"><span style=\"font-size: x-large;\"><span style=\"color: #221744;\">2016 war ich Mitbegr\u00fcnderin des \u201cKunstkreises Arnstein\u201c.Teilnahme an \u201eKunst und Genuss\u201c in Arnstein.<\/span><\/span><\/span><\/p>\n<p><span style=\"font-family: 'Times New Roman', serif;\"><span style=\"font-size: x-large;\"><span style=\"color: #000000;\">Am <\/span><span style=\"color: #303030;\">Donnerstag, den 24. November 2016 wurde mir<\/span><span style=\"color: #000000;\"> das Ehrenzeichens des Bayerischen Ministerpr\u00e4sidenten durch Staatssekret\u00e4r Gerhard Eck gemeinsam mit Regierungspr\u00e4sident Dr. Paul Beinhofer und im Beisein von Landrat Florian T\u00f6pper verliehen.<\/span><\/span><\/span><\/p>\n","protected":false},"excerpt":{"rendered":"<p>Geboren wurde ich am 09.07.1947 in Ingelfingen, Kreis K\u00fcnzelsau. Nach dem Abitur absolvierte ich ein Lehramtsstudium f\u00fcr Grund- und Hauptschulen mit Schwerpunkt Kunst. In allen Klassen habe ich Kunstunterricht gegeben. F\u00fcr Kollegen und an der VHS habe ich Fortbildungen bzw. Kurse im Fach Kunst gehalten. 1983 bis 1986 absolvierte ich ein Fernkunststudium an der \u201eKunstschule &hellip; <a href=\"https:\/\/claudia-cornelie-cebulla.de\/?page_id=120\" class=\"more-link\"><span class=\"screen-reader-text\">\u00dcber mich<\/span> weiterlesen<\/a><\/p>\n","protected":false},"author":2,"featured_media":0,"parent":0,"menu_order":1,"comment_status":"open","ping_status":"open","template":"","meta":[],"_links":{"self":[{"href":"https:\/\/claudia-cornelie-cebulla.de\/index.php?rest_route=\/wp\/v2\/pages\/120"}],"collection":[{"href":"https:\/\/claudia-cornelie-cebulla.de\/index.php?rest_route=\/wp\/v2\/pages"}],"about":[{"href":"https:\/\/claudia-cornelie-cebulla.de\/index.php?rest_route=\/wp\/v2\/types\/page"}],"author":[{"embeddable":true,"href":"https:\/\/claudia-cornelie-cebulla.de\/index.php?rest_route=\/wp\/v2\/users\/2"}],"replies":[{"embeddable":true,"href":"https:\/\/claudia-cornelie-cebulla.de\/index.php?rest_route=%2Fwp%2Fv2%2Fcomments&post=120"}],"version-history":[{"count":6,"href":"https:\/\/claudia-cornelie-cebulla.de\/index.php?rest_route=\/wp\/v2\/pages\/120\/revisions"}],"predecessor-version":[{"id":368,"href":"https:\/\/claudia-cornelie-cebulla.de\/index.php?rest_route=\/wp\/v2\/pages\/120\/revisions\/368"}],"wp:attachment":[{"href":"https:\/\/claudia-cornelie-cebulla.de\/index.php?rest_route=%2Fwp%2Fv2%2Fmedia&parent=120"}],"curies":[{"name":"wp","href":"https:\/\/api.w.org\/{rel}","templated":true}]}}